 of -n**3/6 + n**2/2 + n. Determine z(o).
-1
Let j(w) = -3*w**2 + 2. Let n(m) = -2*m - 8. Let t be n(-8). Let a = t + -10. What is j(a)?
-10
Let v(s) = 3*s - 11. Let c be v(8). Suppose 5*q + w - 4*w - 19 = 0, q + 5*w + c = 0. Let i = -6 + q. Let z(u) = -u**3 - 3*u**2 + 6*u + 2. Give z(i).
-6
Let b(q) be the third derivative of -q**6/120 - q**5/20 - q**4/6 - q**3/6 + q**2. Let m be 1*(0 - -1)*1 - 4. Determine b(m).
11
Let x(w) = w - 13. Suppose -4*j + 68 = 40. What is x(j)?
-6
Let c(p) = -5*p + 6*p + 0 + 4 + 5*p - p**2. Determine c(5).
9
Suppose -2*k + 16 = 2*w, k + 8*w - 24 = 3*w. Let j(l) = -2*l - 3. Let s be j(-4). Let x(y) = 6*y + 2*y**2 - s - 6*y**2 + 3*y**2. What is x(k)?
3
Suppose -15 = -4*v - 5*u, 3*v - 5*u - 7 = -22. Let s be (2/(-6))/(1/(-15)). Let c(k) = s*k - 4*k + k**3 - 2*k. What is c(v)?
0
Suppose 0*f - 2*n - 9 = -5*f, -4*n + 6 = -2*f. Let v(i) = i**3 - 3*i**2 + i. What is v(f)?
3
Let s(y) = -y**3 + y**2 - 7*y + 8. Let j(q) = q**3 - 2*q**2 + 6*q - 8. Let u(i) = 6*j(i) + 5*s(i). What is u(7)?
-1
Let m(w) = w - 10. Let y be m(8). Let j(u) = u**3 + 4*u**2 + 4*u + 3. Give j(y).
3
Suppose 14 = -5*w + n - 0*n, 16 = 4*n. Let k be 5*((-16)/10 - w). Let a be (9/6 - k)*2. Let y(j) = 5*j**2 + j. Calculate y(a).
4
Let d(u) = 3*u**2 - 2*u**2 + 2*u + 0 - 5. Let j(k) = -3*k**2 - 6*k + 15. Suppose 8 = -3*g + 2. Let i(h) = g*j(h) - 7*d(h). What is i(-5)?
-10
Let v(w) = w**3 - w**2 + w - 1. Let a be 6 + -5 - (0 - 1). Suppose z + 4*s = 5*s + 5, a*z + 10 = -2*s. Give v(z).
-1
Let g be (1 + -2)/((-24)/(-48)). Let x(a) = a**3 + 3*a**2 + a. Calculate x(g).
2
Let u(w) = w**2 + 8*w + 9. Let t be u(-7). Let v(f) = f**2 - 2*f + 3. Give v(t).
3
Let n(q) be the second derivative of -q**5/20 + 7*q**4/12 - 2*q**3/3 - 4*q**2 - 8*q. Determine n(6).
4
Let v(p) = -p**2 - p + 5. Suppose -2 = 3*z + 1. Let i(m) be the third derivative of -m**6/120 - m**5/30 - m**4/24 + 3*m**2. Let q be i(z). Determine v(q).
5
Let q(s) = 2*s**3 - 8*s**2 - 4*s - 9. Let l(f) = 5*f**3 - 23*f**2 - 12*f - 26. Let g(z) = -3*l(z) + 8*q(z). Calculate g(-4).
6
Let w(n) = -n - 1. Let q be w(-6). Let j(h) be the third derivative of -1/12*h**4 + 0*h - 1/6*h**3 + 0 - h**2 + 1/60*h**6 - 1/30*h**q. Calculate j(-1).
-3
Let l(w) = -13*w**2 + 28*w**2 + 5 - 7*w**2 - 7*w**2 - 5*w. What is l(5)?
5
Let t(b) = -2*b + 9. Suppose 13 = u - 5*f, 0 = 3*u - 5*u + f + 17. Give t(u).
-7
Let p = 7 + -10. Let j(v) = -v. Let q be j(-3). Let s(h) = 3*h**3 + h**3 - 3 - 3*h**q + 4*h**2 - 1. Calculate s(p).
5
Let v = 25 + -13. Suppose 0 = -2*s + v + 4. Suppose s = 7*b - 3*b. Let o(y) = 3*y - 1. Determine o(b).
5
Suppose -q - 5 - 18 = 5*v, -2*q + v = 2. Let h(f) = f**2 + 2*f - 2. Give h(q).
1
Let x(p) = -17*p**2 - 3*p + 2. Let a(y) = 9*y**2 + 2*y - 1. Let l(g) = 7*a(g) + 4*x(g). Calculate l(-1).
-6
Suppose -1 = c + 3. Let u(a) = 1. Let v(l) = -l**2 - 4*l - 1. Suppose 3*q = q + 8. Let s(j) = q*u(j) - v(j). What is s(c)?
5
Let j(s) = -s + 1. Let m(i) = -6*i + 14. Let x(q) = -5*j(q) + m(q). What is x(0)?
9
Let w(s) be the second derivative of s**5/20 + s**4/3 + s**3/2 + s**2/2 + s. Give w(-3).
1
Let x(d) = -d**3 + 5*d**2 - d - 3. Let b = 0 - -8. Suppose c = 2*l - 6, -4*c - 16 = 3*l + b. Let u be 8/1 + (c - -3). Give x(u).
-8
Let t(i) = -i**3 + 14*i**2 - 12*i - 10. Let n be ((-26)/4)/(7/(-14)). Give t(n).
3
Let n(z) = z**2 - 5*z + 1. Let y(w) = 2*w**2 - 3*w. Let p be y(2). Suppose 3*m = -4*t + t + 6, 0 = -p*t - m + 5. What is n(t)?
-5
Let h be 1/(18/(-9) + (-6)/(-4)). Let f(k) be the third derivative of k**6/120 + k**4/8 + k**3/2 - k**2. What is f(h)?
-11
Let t(o) = 2*o**3 - 4*o - 6. Let q(g) = -g**3 - g**2 + 1. Let v(i) = 3*q(i) + t(i). Suppose -6*p = -3*p, 2 = -z + 4*p. Determine v(z).
1
Let z = -117 + 187. Let u be z/(-12) - 1/6. Let k(a) = 9*a**3 - 8*a - 5. Let y(v) = -10*v**3 + 9*v + 6. Let m(l) = u*y(l) - 7*k(l). Determine m(1).
-2
Let u = -2 - 4. Let k(h) = -h - 3. Let g be k(u). Let s(m) = 3*m - 3. Calculate s(g).
6
Let k be 9*2/(-8)*4. Let n be 4 + 3*(-3)/k. Let w(h) = 4 - 1 + 2*h - n + h**2. Give w(-3).
1
Let u(j) = -j**2 - 5*j. Let o be (-2)/1 - (10 + -7). Give u(o).
0
Let f(s) = s**3 - 5*s**2 - 3*s - 1. Let y(g) = -4*g**3 + 20*g**2 + 13*g + 4. Let p(v) = -9*f(v) - 2*y(v). What is p(5)?
6
Let o = 5 - 3. Let y(d) be the second derivative of -d**4/12 + 5*d**3/6 - d**2 + 145*d. Calculate y(o).
4
Let u(g) = g - 1. Let p be u(6). Let h(m) = -2*m**3 - m - 5 + p. Determine h(-1).
3
Suppose -b + 4*v = -25, 4*b + 10 = b - 5*v. Let m(k) = 4*k - 23 + 31 - b*k. Give m(0).
8
Suppose -c - d = 1, 4*d = -6 + 2. Let m(r) = r**3 + r. Let n be m(c). Let s(j) = -j + 10. Determine s(n).
10
Let r(w) = -3*w**3 + 2*w**2 - w. Let g be r(1). Let y(h) = -h**3 - 4*h**2 - 2*h - 3. Determine y(g).
-7
Let i(w) be the second derivative of w**4/6 + 5*w**3/6 + 3*w**2/2 + w. Give i(-3).
6
Let b(r) be the third derivative of 1/60*r**5 + 0 + 2/3*r**3 + 1/6*r**4 + 3*r**2 + 0*r. Let p(w) = 2*w**3 + 3*w**2 + w + 1. Let h be p(-2). What is b(h)?
9
Let m(n) = 3*n - 1. Suppose 0*k = -3*k + 6. Calculate m(k).
5
Let i = 8 + -5. Let f(a) = 7*a**2 + i*a**2 - 3*a**2 + 4*a + a**3 - 5. Determine f(-6).
7
Let m(a) = -a**2 - 4*a - 6. Let n = 79 - 83. What is m(n)?
-6
Let j = -1 - -6. Let t(n) = -3*n**2 - 2*n + n - n + j*n. Determine t(2).
-6
Let s(q) = q**2 + 2*q - 4. Let o = 20 + -15. Suppose 23 = -i - 5*m, -5*i - o = -2*i - m. What is s(i)?
-1
Let g(v) be the third derivative of v**4/6 - v**3/6 + 3*v**2. Let j(t) = -t**3 + 4*t**2 - t - 1. Let b be j(3). Suppose 0 = -3*w - b + 2. Determine g(w).
-5
Let o(x) be the first derivative of 3*x**2 + 9 - 1/3*x**3 - 7*x. Calculate o(5).
-2
Let u(r) be the third derivative of r**8/20160 - r**7/630 + r**6/144 + r**5/30 + r**2. Let s(d) be the third derivative of u(d). Determine s(6).
-7
Let m(c) = c + 2*c + 4 + 0*c - c**3 - 2 + c**2. What is m(3)?
-7
Let j(r) be the first derivative of -r**2 - 3*r - 1. Let u = 6 - 2. Suppose 5*s - u*m = -26, -5*m + 32 = -s + 10. Determine j(s).
1
Let d(c) = 77*c + 85*c + 6 - 164*c + 2. Determine d(6).
-4
Let b(r) = -r**3 - 3*r**2 + r + 3. Let h be b(-3). Suppose 5*t - 33 + 8 = h. Let o(g) = -g**3 + 5*g**2 - 3*g + 6. Calculate o(t).
-9
Suppose 18 = y - 2*s, -y = s - 3 - 0. Let p(g) = 2*g + 1 + y*g - 3*g. Let w(q) = -q**2 - 2*q + 1. Let a be w(-2). Calculate p(a).
8
Let n(y) = 3*y - 3. Let c be (4 - 11) + 3 + 6. What is n(c)?
3
Let t(o) be the second derivative of o**7/840 + o**4/24 - o**3/2 + 4*o. Let k(x) be the second derivative of t(x). Calculate k(0).
1
Let i = 13 + -17. Let f = -11 - i. Let g(z) = z**3 + 7*z**2 + 4. Give g(f).
4
Let c(k) be the first derivative of -k**4/4 + k**3/3 + 10*k + 3. What is c(0)?
10
Let l be ((-25)/30)/((-20)/12). Let r(o) be the first derivative of 1 - o**3 - l*o**2 + o. Calculate r(1).
-3
Suppose 5*v - 41 = 29. Let z = -10 + v. Suppose z*m - 1 = -17. Let a(s) = 3*s + 6. What is a(m)?
-6
Suppose 6 = 4*u - u. Suppose -10 = -4*o + u. Let f(w) = -28*w + w**3 + 30*w + 4 + 2*w**2 - 2*w**3. What is f(o)?
1
Let p(a) = a**3 - 2*a**2 + 2*a - 1. Let f(v) = 2*v**2 + v - 1. Let z be f(1). Determine p(z).
3
Suppose 4*j + 20 = -j. Let l(y) = -y + 4. Determine l(j).
8
Let y(h) = 0*h**2 + 67*h**3 + 2*h - 65*h**3 - 3*h**2 + 0*h. Suppose 13 - 5 = -2*o. Let b be (-10)/(-4)*o/(-5). Give y(b).
8
Let n(m) = -m**3 + 4*m**2 + 2*m - 2. Let c = 79 - 76. What is n(c)?
13
Suppose -2*x + 5*x - 3*q - 15 = 0, 0 = -4*x + 2*q + 22. Let b = x + -3. Let t(o) be the second derivative of -o**3/6 - 6*o. Give t(b).
-3
Let x(f) = 2*f**2 + 11*f - 7. Let b(v) = v**2 + 6*v - 4. Suppose 0 = 3*k - 4*k - t + 2, 3*t = k - 6. Let d = -8 + k. Let o(s) = d*b(s) + 3*x(s). What is o(-2)?
-3
Let h(y) = 6*y + 1. Let g be 14/6 - 4/12. Let k(i) = -i**3 + 2*i**2 - 2. Let n be k(g). Give h(n).
-11
Let m(w) = 7*w**2 + 7*w + 15. Let h(r) = -10*r**2 - 10*r - 22. Let o(t) = 5*h(t) + 7*m(t). Determine o(0).
-5
Let x(s) = s**2 + 6*s + 3. Suppose l - 2*n + 46 = 5*l, -n + 37 = 3*l. Suppose 5*v - l = 1. Let o be v/(-2)*(-30)/(-9). What is x(o)?
-2
Let y(j) be the third derivative of j**5/60 - j**4/6 + j**3/2 - 9*j**2. Give y(3).
0
Let s(y) = -y**3 - 4*y**2 + 2*y - 7. Let c(v) = v**3 + 3*v**2 + 2*v + 3. Let a be c(-2). Let m be a/12 - (-105)/12. Let u = -14 + m. Determine s(u).
8
Let k(n) be the first derivative of n**4/6 -